12
What is the remainder when 1814 is divided by 201?
5
What is the remainder when 66293 is divided by 21?
17
Calculate the remainder when 4454 is divided by 430.
154
Calculate the remainder when 1613112 is divided by 105.
102
Calculate the remainder when 3387 is divided by 226.
223
What is the remainder when 32563 is divided by 148?
3
What is the remainder when 19005 is divided by 35?
0
Calculate the remainder when 19387 is divided by 4828.
75
Calculate the remainder when 19186 is divided by 136.
10
Calculate the remainder when 35396 is divided by 200.
196
Calculate the remainder when 41321 is divided by 145.
141
What is the remainder when 79461 is divided by 26483?
12
What is the remainder when 306317 is divided by 40?
37
What is the remainder when 987 is divided by 978?
9
Calculate the remainder when 12765 is divided by 18.
3
Calculate the remainder when 59776 is divided by 4269.
10
Calculate the remainder when 26221 is divided by 230.
1
What is the remainder when 161632 is divided by 33?
31
What is the remainder when 18284 is divided by 415?
24
Calculate the remainder when 97350 is divided by 87.
84
Calculate the remainder when 87909 is divided by 11.
8
Calculate the remainder when 31595 is divided by 49.
39
Calculate the remainder when 501 is divided by 309.
192
Calculate the remainder when 143252 is divided by 42.
32
Calculate the remainder when 1875639 is divided by 5.
4
Calculate the remainder when 2485 is divided by 465.
160
Calculate the remainder when 22505 is divided by 88.
65
What is the remainder when 3118 is divided by 198?
148
Calculate the remainder when 47446 is divided by 19.
3
Calculate the remainder when 38654 is divided by 29.
26
What is the remainder when 142174 is divided by 32?
30
Calculate the remainder when 36871 is divided by 36747.
124
Calculate the remainder when 3012 is divided by 893.
333
What is the remainder when 17531 is divided by 35?
31
Calculate the remainder when 3580 is divided by 509.
17
What is the remainder when 1976 is divided by 954?
68
What is the remainder when 107368 is divided by 19?
18
What is the remainder when 20 is divided by 5?
0
What is the remainder when 14953 is divided by 4780?
613
Calculate the remainder when 12831 is divided by 1425.
6
What is the remainder when 14160 is divided by 2107?
1518
Calculate the remainder when 75879 is divided by 144.
135
What is the remainder when 1633861 is divided by 19?
13
What is the remainder when 4714 is divided by 17?
5
What is the remainder when 2453 is divided by 20?
13
Calculate the remainder when 87450 is divided by 3802.
4
Calculate the remainder when 4552 is divided by 1442.
226
Calculate the remainder when 3905 is divided by 41.
10
What is the remainder when 9370 is divided by 109?
105
What is the remainder when 15054 is divided by 155?
19
What is the remainder when 14107 is divided by 10?
7
What is the remainder when 59982 is divided by 300?
282
Calculate the remainder when 158380 is divided by 52789.
13
What is the remainder when 1805 is divided by 457?
434
Calculate the remainder when 32188 is divided by 118.
92
What is the remainder when 44460 is divided by 390?
0
What is the remainder when 38356 is divided by 227?
220
Calculate the remainder when 143173 is divided by 17.
16
Calculate the remainder when 8929 is divided by 331.
323
Calculate the remainder when 8133 is divided by 145.
13
What is the remainder when 17088 is divided by 35?
8
What is the remainder when 1104521 is divided by 184085?
11
What is the remainder when 1672883 is divided by 18?
17
What is the remainder when 34111 is divided by 22?
11
What is the remainder when 3210 is divided by 9?
6
What is the remainder when 196 is divided by 23?
12
Calculate the remainder when 24818122 is divided by 209.
208
Calculate the remainder when 16091 is divided by 542.
373
What is the remainder when 1243 is divided by 373?
124
What is the remainder when 70140 is divided by 17529?
24
Calculate the remainder when 1830 is divided by 32.
6
What is the remainder when 839 is divided by 19?
3
Calculate the remainder when 139578 is divided by 22.
10
Calculate the remainder when 811324 is divided by 39.
7
Calculate the remainder when 21858 is divided by 46.
8
What is the remainder when 1212 is divided by 881?
331
Calculate the remainder when 11903 is divided by 3925.
128
Calculate the remainder when 3232479 is divided by 32.
31
What is the remainder when 10379615 is divided by 927?
923
Calculate the remainder when 53915 is divided by 159.
14
What is the remainder when 51603 is divided by 9?
6
What is the remainder when 10643 is divided by 197?
5
What is the remainder when 786 is divided by 152?
26
What is the remainder when 8552 is divided by 3643?
1266
Calculate the remainder when 927839 is divided by 113.
109
What is the remainder when 136 is divided by 26?
6
What is the remainder when 795 is divided by 114?
111
Calculate the remainder when 556 is divided by 118.
84
What is the remainder when 61044 is divided by 83?
39
What is the remainder when 2516 is divided by 377?
254
What is the remainder when 39507 is divided by 35?
27
Calculate the remainder when 10349 is divided by 215.
29
What is the remainder when 10522 is divided by 210?
22
What is the remainder when 2866 is divided by 1426?
14
What is the remainder when 97990 is divided by 48986?
18
Calculate the remainder when 3646 is divided by 464.
398
What is the remainder when 1226 is divided by 162?
92
Calculate the remainder when 176942 is divided by 6805.
12
What is the remainder when 115580 is divided by 59?
58
Calculate the remainder when 14924 is divided by 3730.
4
What is the remainder when 222 is divided by 3?
0
Calculate the remainder when 254010 is divided by 17.
13
What is the remainder when 31521 is divided by 104?
9
What is the remainder when 4772272 is divided by 467?
466
What is the remainder when 4620 is divided by 398?
242
What is the remainder when 60261 is divided by 85?
81
What is the remainder when 62004 is divided by 20634?
102
Calculate the remainder when 1098 is divided by 13.
6
Calculate the remainder when 24396 is divided by 13.
8
Calculate the remainder when 1156 is divided by 151.
99
What is the remainder when 108086 is divided by 15439?
13
Calculate the remainder when 141892 is divided by 37.
34
What is the remainder when 561464 is divided by 262?
260
Calculate the remainder when 3497 is divided by 399.
305
What is the remainder when 7068 is divided by 321?
6
What is the remainder when 394832 is divided by 145?
142
Calculate the remainder when 70553 is divided by 17634.
17
Calculate the remainder when 5736 is divided by 382.
6
What is the remainder when 6990 is divided by 6981?
9
Calculate the remainder when 97900 is divided by 518.
516
What is the remainder when 1089 is divided by 94?
55
What is the remainder when 5557 is divided by 179?
8
What is the remainder when 1951 is divided by 151?
139
What is the remainder when 24373 is divided by 62?
7
What is the remainder when 604 is divided by 173?
85
Calculate the remainder when 100425 is divided by 11158.
3
Calculate the remainder when 69615 is divided by 38.
37
Calculate the remainder when 12349 is divided by 94.
35
Calculate the remainder when 17456 is divided by 29.
27
Calculate the remainder when 26540 is divided by 8341.
1517
Calculate the remainder when 85039 is divided by 128.
47
What is the remainder when 2224528 is divided by 7?
5
Calculate the remainder when 12969 is divided by 142.
47
Calculate the remainder when 4667 is divided by 74.
5
What is the remainder when 31013 is divided by 2367?
242
What is the remainder when 4166 is divided by 404?
126
Calculate the remainder when 20267 is divided by 51.
20
Calculate the remainder when 245562 is divided by 153.
150
Calculate the remainder when 1214 is divided by 107.
37
What is the remainder when 38089 is divided by 12695?
4
What is the remainder when 20786 is divided by 30?
26
Calculate the remainder when 55995 is divided by 153.
150
What is the remainder when 161764 is divided by 5392?
4
What is the remainder when 67 is divided by 40?
27
Calculate the remainder when 6357 is divided by 6004.
353
What is the remainder when 3595 is divided by 684?
175
What is the remainder when 289502 is divided by 332?
330
